nder when 221 is divided by 75?
71
What is the remainder when 7107 is divided by 887?
11
Calculate the remainder when 467 is divided by 117.
116
What is the remainder when 64 is divided by 25?
14
Calculate the remainder when 186 is divided by 43.
14
Calculate the remainder when 663 is divided by 328.
7
Calculate the remainder when 70103 is divided by 35.
33
What is the remainder when 3849 is divided by 18?
15
What is the remainder when 288 is divided by 116?
56
Calculate the remainder when 4026 is divided by 65.
61
What is the remainder when 34122 is divided by 273?
270
Calculate the remainder when 308 is divided by 79.
71
What is the remainder when 378 is divided by 65?
53
What is the remainder when 296 is divided by 88?
32
Calculate the remainder when 145 is divided by 42.
19
What is the remainder when 76 is divided by 8?
4
What is the remainder when 555 is divided by 73?
44
Calculate the remainder when 1297 is divided by 28.
9
Calculate the remainder when 248 is divided by 61.
4
Calculate the remainder when 370 is divided by 125.
120
What is the remainder when 66 is divided by 27?
12
Calculate the remainder when 446 is divided by 100.
46
What is the remainder when 426 is divided by 97?
38
Calculate the remainder when 2309 is divided by 33.
32
What is the remainder when 155 is divided by 67?
21
Calculate the remainder when 10 is divided by 9.
1
Calculate the remainder when 703 is divided by 218.
49
What is the remainder when 4917 is divided by 246?
243
What is the remainder when 114 is divided by 30?
24
What is the remainder when 55 is divided by 30?
25
Calculate the remainder when 7289 is divided by 1456.
9
Calculate the remainder when 658 is divided by 20.
18
Calculate the remainder when 346 is divided by 87.
85
What is the remainder when 627 is divided by 232?
163
What is the remainder when 685 is divided by 245?
195
Calculate the remainder when 159 is divided by 32.
31
What is the remainder when 66 is divided by 41?
25
Calculate the remainder when 632 is divided by 419.
213
What is the remainder when 560 is divided by 33?
32
What is the remainder when 2085 is divided by 36?
33
Calculate the remainder when 580 is divided by 44.
8
Calculate the remainder when 1143 is divided by 44.
43
Calculate the remainder when 104 is divided by 37.
30
What is the remainder when 250 is divided by 116?
18
Calculate the remainder when 70 is divided by 59.
11
Calculate the remainder when 121 is divided by 35.
16
Calculate the remainder when 314 is divided by 21.
20
What is the remainder when 28731 is divided by 59?
57
Calculate the remainder when 763 is divided by 241.
40
Calculate the remainder when 1634 is divided by 21.
17
Calculate the remainder when 3132 is divided by 58.
0
What is the remainder when 137 is divided by 24?
17
Calculate the remainder when 352 is divided by 43.
8
What is the remainder when 2227 is divided by 556?
3
What is the remainder when 214 is divided by 37?
29
What is the remainder when 652 is divided by 326?
0
Calculate the remainder when 221 is divided by 28.
25
What is the remainder when 16825 is divided by 358?
357
What is the remainder when 556 is divided by 181?
13
Calculate the remainder when 4017 is divided by 134.
131
What is the remainder when 107 is divided by 35?
2
What is the remainder when 26051 is divided by 12?
11
What is the remainder when 209 is divided by 67?
8
What is the remainder when 15973 is divided by 25?
23
What is the remainder when 112 is divided by 25?
12
What is the remainder when 823 is divided by 401?
21
Calculate the remainder when 1295 is divided by 36.
35
Calculate the remainder when 47 is divided by 18.
11
Calculate the remainder when 111 is divided by 57.
54
Calculate the remainder when 23 is divided by 6.
5
What is the remainder when 84 is divided by 11?
7
Calculate the remainder when 2579 is divided by 17.
12
What is the remainder when 2016 is divided by 27?
18
Calculate the remainder when 354 is divided by 112.
18
What is the remainder when 112 is divided by 19?
17
What is the remainder when 54 is divided by 33?
21
Calculate the remainder when 611 is divided by 26.
13
Calculate the remainder when 681 is divided by 340.
1
Calculate the remainder when 2355 is divided by 19.
18
What is the remainder when 1237 is divided by 137?
4
What is the remainder when 104 is divided by 30?
14
What is the remainder when 13946 is divided by 15?
11
Calculate the remainder when 213 is divided by 204.
9
Calculate the remainder when 676 is divided by 65.
26
What is the remainder when 5219 is divided by 11?
5
What is the remainder when 107 is divided by 18?
17
Calculate the remainder when 206 is divided by 52.
50
Calculate the remainder when 82 is divided by 12.
10
What is the remainder when 2045 is divided by 86?
67
What is the remainder when 223 is divided by 59?
46
What is the remainder when 989 is divided by 73?
40
Calculate the remainder when 196 is divided by 70.
56
What is the remainder when 51 is divided by 40?
11
What is the remainder when 1063 is divided by 71?
69
Calculate the remainder when 25 is divided by 12.
1
What is the remainder when 289 is divided by 112?
65
What is the remainder when 299 is divided by 62?
51
Calculate the remainder when 8380 is divided by 22.
20
What is the remainder when 17 is divided by 12?
5
What is the remainder when 1350 is divided by 8?
6
What is the remainder when 1608 is divided by 77?
68
What is the remainder when 81 is divided by 12?
9
What is the remainder when 315 is divided by 16?
11
Calculate the remainder when 15357 is divided by 120.
117
What is the remainder when 438 is divided by 44?
42
What is the remainder when 1253 is divided by 33?
32
Calculate the remainder when 1818 is divided by 10.
8
What is the remainder when 3704 is divided by 264?
8
What is the remainder when 1517 is divided by 1462?
55
Calculate the remainder when 161 is divided by 17.
8
What is the remainder when 81 is divided by 62?
19
What is the remainder when 294 is divided by 27?
24
Calculate the remainder when 86 is divided by 23.
17
Calculate the remainder when 48 is divided by 25.
23
What is the remainder when 221 is divided by 3?
2
Calculate the remainder when 285 is divided by 96.
93
Calculate the remainder when 273 is divided by 40.
33
Calculate the remainder when 171 is divided by 27.
9
Calculate the remainder when 69 is divided by 39.
30
What is the remainder when 781 is divided by 229?
94
Calculate the remainder when 47 is divided by 12.
11
Calculate the remainder when 1449 is divided by 14.
7
Calculate the remainder when 3377 is divided by 20.
17
What is the remainder when 140 is divided by 74?
66
Calculate the remainder when 230 is divided by 58.
56
Calculate the remainder when 1528 is divided by 85.
83
What is the remainder when 2218 is divided by 74?
72
Calculate the remainder when 408 is divided by 46.
40
Calculate the remainder when 421 is divided by 27.
16
Calculate the remainder when 48 is divided by 4.
0
What is the remainder when 117 is divided by 31?
24
Calculate the remainder when 3530 is divided by 43.
4
What is the remainder when 28 is divided by 15?
13
Calculate the remainder when 126 is divided by 8.
6
What is the remainder when 59 is divided by 31?
28
Calculate the remainder when 978 is divided by 11.
10
What is the remainder when 87 is divided by 45?
42
What is the remainder when 193 is divided by 65?
63
Calculate the remainder when 59 is divided by 48.
11
What is the remainder when 334 is divided by 3?
1
What is the remainder when 97 is divided by 20?
17
Calculate the remainder when 371 is divided by 132.
107
Calculate the remainder when 129 is divided by 35.
24
Calculate the remainder when 420 is divided by 24.
12
What is the remainder when 416 is divided by 11?
9
What is the remainder when 440 is divided by 63?
62
Calculate the remainder when 200 is divided by 62.
14
What is the remainder when 589 is divided by 279?
31
Calculate the remainder when 672 is divided by 159.
36
Calculate the remainder when 147 is divided by 51.
45
Calculate the remainder when 39100 is divided by 133.
131
What is the remainder when 513 is divided by 47?
43
Calculate the remainder when 438 is divided by 63.
60
Calculate the remainder when 174 is divided by 5.
4
Calculate the remaind